1 and n?
21
Let w(r) = -r**3 + 14*r**2 + 14*r + 19. Let v be w(15). Suppose -v*j = 93 - 701. What is the greatest common factor of 19 and j?
19
Let j(b) = -4307*b + 3*b**2 + 8 + b**2 + b**3 + 4301*b + b**2. Suppose 0 = -0*s + s + 6. Let v be j(s). Calculate the greatest common divisor of v and 24.
8
Suppose a - 10 = -r, 0 = a - 0*a. Calculate the highest common divisor of 20 and r.
10
Suppose -2*s + 168 = -4*a, 4*a - 31 = -4*s - 175. Let m be (1 - a)*5/5. Let v = 107 - m. What is the highest common divisor of v and 22?
22
Let b = 19 + -35. Let d = b - -60. Suppose i - s = 26, -2*i - 4*s = -2*s - d. What is the greatest common divisor of i and 24?
24
Suppose -n + 31 = -2*f, 0 = 5*n + 3*f + 30 - 133. What is the greatest common factor of n and 299?
23
Let b be 310 + 5/((-10)/4). Let a be (b/(-16))/(-7)*44. Let i be 228/20 - (-3)/((-60)/8). Calculate the greatest common divisor of i and a.
11
Let q be -1 + 2 + (20 - 1). Let o = 748 - 486. Suppose -4*j = -o + 62. What is the highest common divisor of j and q?
10
Suppose 47 = 48*d - 2449. Let o = 259 + -129. Calculate the highest common divisor of o and d.
26
Suppose 4*f - 54 = 2*j, -3*j - j = -2*f + 12. Let l be 220/f + (-1)/(-4) + 0. What is the highest common factor of 35 and l?
7
Let s = 41 + -29. Let z be s/(-78) + ((-628)/(-26))/1. What is the greatest common divisor of 48 and z?
24
Let a be 162/1863 - (-5240)/46. Calculate the greatest common factor of a and 6.
6
Suppose -14*k - 987 = -3437. Calculate the greatest common factor of k and 14.
7
Suppose 0*x + x - 70 = i, -2*x = 3*i - 140. Calculate the highest common divisor of x and 4.
2
Let j = -38 + 1. Let i = 43 + j. Let p be ((-3)/6)/((-3)/72). Calculate the highest common factor of i and p.
6
Let x(d) = -17*d**2 - d**3 + 53*d - 71*d + 18 + 5. Let g be x(-16). What is the greatest common factor of 11 and g?
11
Let f(h) = 9*h - 139*h**2 + 138*h**2 + 0 - 6. Let n be f(8). Calculate the greatest common divisor of n and 16.
2
Let x = -10 + 13. Suppose -13 + 62 = w - l, 0 = x*w - 2*l - 143. What is the highest common factor of 27 and w?
9
Let m = -321 - -645. Calculate the highest common divisor of 81 and m.
81
Let r = -22 - -47. Suppose -o + 257 = 207. What is the highest common divisor of r and o?
25
Let y be 0 - 1 - 40/(-4). Let d = y - -5. Suppose 4*g - 4*a = 140, 12*a = 4*g + 13*a - 140. What is the greatest common divisor of d and g?
7
Suppose 5*i = -l + 42, 4*l - 4*i = -0*l + 48. Suppose m - 63 - l = 0. Let f(r) = r**2 + 1. Let a be f(3). Calculate the greatest common divisor of m and a.
10
Let z = 269 - 249. What is the highest common factor of 60 and z?
20
Suppose 0 = -5*a - 20, -5*b - 2*a = a - 418. What is the greatest common divisor of b and 215?
43
Let b(g) = -18*g - 6. Let i be b(-3). Let c = -72 - -192. Calculate the greatest common divisor of c and i.
24
Let j = -19 - -3. Let x(t) = t**2 + 11*t - 18. Let n be x(j). What is the greatest common factor of n and 93?
31
Let s(p) = -9*p - 50. Let m(v) = 17*v + 99. Let c(b) = -6*m(b) - 11*s(b). Let o be c(-18). What is the greatest common divisor of o and 25?
5
Suppose 0 = -5*x + 59 + 61. Calculate the greatest common factor of x and 12.
12
Let x(v) = 3*v**3 + 6*v**2 + 2*v - 5. Let h be x(-4). Let n = 249 + h. Suppose 666 = 110*l - 1534. Calculate the greatest common factor of n and l.
20
Let w be 3/(-1*(-2 - -1)). Suppose -105 = -12*v - w*v. Let r = -194 + 271. Calculate the highest common factor of v and r.
7
Suppose -2*q = 3*q + 20. Let p be q*(15/6 + -1 + -2). Calculate the greatest common factor of 5 and p.
1
Let r = 75 - 29. Suppose 4 = -4*t, 3*t - r - 29 = -3*s. Let g(p) = p**2 - p - 3. Let f be g(-6). What is the highest common factor of f and s?
13
Suppose -20*m = -41*m + 1008. What is the greatest common factor of m and 18?
6
Let v = 7 + -10. Let h(p) = -p**3 + 6*p**2 + 3*p - 3. Let o be h(6). Let m be ((-4)/v)/(2/o). What is the highest common factor of m and 10?
10
Suppose 0 = -15*t + 19*t - 4. Suppose 3*d + 5*h - 3 = -d, 0 = -d - 5*h - 18. Calculate the greatest common divisor of t and d.
1
Let y(w) = -2*w**2 - 5*w + 2. Let d be y(-4). Let j be ((-312)/20)/(2/d). Suppose -2*q + j = q. What is the highest common divisor of 208 and q?
26
Let j = -127 - -145. Calculate the highest common divisor of 18 and j.
18
Suppose 3 = 8*r - 13. Let s be 4 - (-15 - 0/r). What is the highest common divisor of 171 and s?
19
Let n be (-22)/(-4) + (-1)/2. Suppose -4*c - 24 = -w, 5*w - 2*w + 13 = -n*c. What is the highest common divisor of w and 76?
4
Let l be (-6)/(3/(-49 - -1)). Let d be (-1)/(-2 - (-7)/4). Suppose -2 = 2*g - 4*g, 0 = -d*a - 3*g + 99. What is the highest common factor of l and a?
24
Let s be 1/3 + -2 + 655/15. What is the highest common factor of s and 588?
42
Let z = 386 - 74. Calculate the greatest common divisor of z and 96.
24
Let c(f) = f**2 + f + 13. Suppose 5*h + 4*g + 49 = 0, 5 = -h + 3*g - 1. Let z be c(h). What is the greatest common divisor of z and 17?
17
Let f(w) = 12*w**2 - w - 1. Let n be f(1). Let r = n + 35. Calculate the highest common divisor of r and 27.
9
Suppose -75 = 3*j + m, 3 = -m - 0*m. Let k = -11 - j. Calculate the greatest common factor of 104 and k.
13
Suppose -4*o + 2*k + 2 = 0, -o = -2*k + 1 + 3. Let x be o*7/2 + 2. Let g = 900 + -837. Calculate the greatest common divisor of g and x.
9
Let d = 96 - 48. Calculate the greatest common divisor of 16 and d.
16
Suppose -5*l + 2*l + 99 = 0. Suppose -2*r - 12 = -4*r. Suppose 2*b = -4*v + r, v - 5*v = -b - 15. What is the highest common divisor of v and l?
3
Let v(o) be the second derivative of 4*o**4/3 - o**3/6 + 16*o. Let h be v(1). What is the greatest common divisor of 3 and h?
3
Let d be -3 - 4*(-12)/8. Suppose 470 = 4*g + d*w, -2*g + 0*g + 232 = 3*w. What is the greatest common factor of g and 17?
17
Suppose 15 + 15 = 6*v. Let z(m) = m**2 + 11*m + 8. Let i be z(v). Calculate the highest common factor of 22 and i.
22
Let i = 883 - 108. What is the greatest common factor of i and 124?
31
Let x = 30 + -32. Let v be 68 - (x*(4 + -2))/2. Calculate the highest common divisor of v and 10.
10
Let t = -31 - -59. Suppose -2*m = -t - 4. What is the greatest common factor of 128 and m?
16
Let k = 2 - -3. Suppose 654 = k*j + 24. Let s(p) = -9*p + 12. Let h be s(-1). What is the greatest common divisor of h and j?
21
Suppose -s - 140 = 5*h - 950, -2*h = s - 324. Calculate the highest common divisor of 18 and h.
18
Let i be -38 - ((-2)/(-1) + -5). Let r = 61 + i. What is the greatest common factor of r and 13?
13
Let p be ((-18)/(-15))/((-6)/(-6405)*7). Calculate the highest common divisor of p and 122.
61
Let m be 39/8 + (-3)/(-24). Suppose s + 176 = m*z, -2*z + z + 56 = 5*s. What is the greatest common factor of 60 and z?
12
Suppose -12*b = -967 - 5429. Calculate the greatest common factor of 41 and b.
41
Let f(i) = -7*i + 3. Let k(j) = j - 10. Let g(u) = u. Let t be g(8). Let x be k(t). Let d be f(x). What is the greatest common factor of d and 17?
17
Let i(v) = -v**3 + 4*v**2 + 3*v - 6. Let o be i(4). Suppose 5*z - 4 - o = 0. Let k be (3 + -6)/(z/(-10)). What is the greatest common divisor of 165 and k?
15
Suppose 0*c - 72 = -3*c. Let z = -21 + c. Suppose 0 = z*t + 22 - 55. What is the highest common divisor of t and 44?
11
Suppose -5*s + 213 + 150 = -4*k, -2*s + 2*k + 144 = 0. Calculate the greatest common divisor of s and 15.
15
Let c(q) = -6 - 3*q**2 + 7*q**2 - 9*q**2 + q**3 + 5*q. Let y be c(5). Let g be 2/((8/418)/2). Calculate the greatest common factor of y and g.
19
Let w be 8/12 + 32/(-12)*-8. Calculate the greatest common factor of w and 2.
2
Let x(t) = -t**2 + 8*t - 5. Let p be x(5). Suppose -p = -5*f + 1250. What is the highest common divisor of f and 28?
28
Let k be ((-9)/(-2))/(-4 + 2830/700). Calculate the greatest common factor of 21 and k.
21
Let t = -6 + 22. What is the highest common factor of 112 and t?
16
Suppose 0 = 1507*d - 1509*d + 3000. Calculate the highest common divisor of d and 12.
12
Suppose -1442 = 9*s - 2144. What is the highest common factor of s and 312?
78
Let a(x) = 2*x**2 - 7. Let h be a(-8). What is the greatest common factor of 33 and h?
11
Let f be -1 - (5 + -2)/(-1). Suppose 0 = f*t - 4*d + 8, -31 = -4*t - 4*d + 13. Suppose -28 = 4*w - t*w. What is the greatest